32?
12
Calculate the highest common divisor of 87 and 377.
29
Calculate the greatest common divisor of 88 and 96.
8
What is the greatest common divisor of 2 and 59?
1
Calculate the highest common divisor of 336 and 6.
6
What is the greatest common divisor of 38 and 93936?
38
What is the highest common factor of 63 and 117?
9
What is the greatest common divisor of 123 and 6683?
41
What is the highest common divisor of 12247 and 37?
37
Calculate the highest common factor of 60 and 1155.
15
Calculate the greatest common divisor of 2507 and 23.
23
What is the highest common divisor of 300 and 102?
6
Calculate the highest common factor of 989 and 46.
23
What is the greatest common divisor of 4 and 457?
1
Calculate the highest common divisor of 125 and 225.
25
Calculate the greatest common divisor of 50 and 41050.
50
What is the highest common factor of 448 and 392?
56
Calculate the greatest common divisor of 32 and 864.
32
What is the greatest common divisor of 9727 and 71?
71
Calculate the greatest common divisor of 15 and 20.
5
Calculate the greatest common factor of 9858 and 248.
62
What is the greatest common divisor of 133 and 76?
19
What is the greatest common divisor of 19 and 4579?
19
Calculate the highest common factor of 18684 and 162.
54
What is the greatest common divisor of 136 and 2584?
136
What is the greatest common factor of 49 and 980?
49
Calculate the highest common divisor of 399 and 4256.
133
Calculate the greatest common divisor of 408 and 5032.
136
What is the highest common divisor of 15 and 725?
5
What is the highest common divisor of 225 and 50?
25
What is the highest common factor of 2941 and 17?
17
What is the highest common factor of 34 and 3?
1
Calculate the greatest common divisor of 3036 and 132.
132
What is the highest common divisor of 66 and 176?
22
Calculate the highest common factor of 120 and 600.
120
What is the greatest common factor of 14 and 14?
14
What is the highest common factor of 222 and 925?
37
What is the greatest common divisor of 2376 and 8?
8
What is the greatest common factor of 909 and 404?
101
Calculate the greatest common divisor of 140 and 160.
20
Calculate the greatest common divisor of 219 and 24.
3
Calculate the highest common divisor of 720 and 630.
90
What is the highest common factor of 40 and 5?
5
What is the highest common divisor of 23 and 2921?
23
Calculate the greatest common divisor of 143 and 22.
11
What is the highest common divisor of 837 and 744?
93
What is the highest common factor of 11726 and 66?
22
Calculate the highest common divisor of 2928 and 104.
8
Calculate the highest common divisor of 767 and 13.
13
What is the greatest common factor of 32340 and 280?
140
What is the greatest common divisor of 9983 and 67?
67
Calculate the greatest common divisor of 46865 and 35.
35
Calculate the highest common divisor of 18109 and 91.
91
Calculate the greatest common divisor of 378 and 126.
126
What is the greatest common divisor of 34 and 6494?
34
Calculate the highest common factor of 1512 and 812.
28
What is the greatest common factor of 234 and 46566?
234
What is the highest common factor of 3639 and 6?
3
What is the greatest common factor of 120 and 30?
30
What is the greatest common divisor of 119 and 306?
17
What is the highest common divisor of 2403 and 351?
27
What is the greatest common divisor of 5 and 265?
5
Calculate the greatest common divisor of 324 and 126.
18
What is the highest common factor of 6 and 7872?
6
What is the greatest common divisor of 234 and 18?
18
Calculate the greatest common factor of 1566 and 58.
58
What is the greatest common divisor of 3213 and 119?
119
What is the greatest common divisor of 1152 and 160?
32
What is the highest common divisor of 1032 and 132?
12
What is the highest common factor of 247 and 13?
13
What is the greatest common divisor of 89 and 7209?
89
Calculate the greatest common factor of 120 and 90.
30
What is the greatest common divisor of 2376 and 88?
88
What is the highest common factor of 667 and 23?
23
Calculate the highest common divisor of 590 and 236.
118
What is the highest common factor of 671 and 2867?
61
What is the highest common factor of 1079 and 166?
83
What is the highest common factor of 201 and 6901?
67
Calculate the greatest common factor of 202 and 4.
2
What is the highest common divisor of 240 and 60?
60
What is the highest common divisor of 259 and 37?
37
What is the greatest common factor of 52 and 2496?
52
What is the highest common factor of 2714 and 46?
46
Calculate the greatest common divisor of 60 and 160.
20
What is the greatest common divisor of 63 and 3143?
7
What is the greatest common factor of 98 and 10486?
98
Calculate the highest common factor of 378 and 21.
21
Calculate the highest common divisor of 36 and 1602.
18
Calculate the greatest common divisor of 1044 and 42282.
522
Calculate the greatest common factor of 258 and 6.
6
Calculate the highest common factor of 61 and 61.
61
What is the highest common factor of 51 and 459?
51
What is the highest common divisor of 50 and 82?
2
Calculate the greatest common factor of 216 and 1800.
72
What is the greatest common factor of 106 and 1484?
106
What is the highest common divisor of 57712 and 8?
8
What is the greatest common divisor of 54 and 1431?
27
What is the greatest common factor of 192 and 256?
64
What is the greatest common divisor of 1209 and 372?
93
Calculate the greatest common factor of 963 and 214.
107
Calculate the greatest common divisor of 3690 and 27.
9
What is the greatest common divisor of 468 and 9?
9
What is the greatest common divisor of 325 and 52?
13
What is the highest common factor of 9 and 387?
9
Calculate the greatest common factor of 7257 and 41.
41
Calculate the highest common divisor of 11 and 22.
11
Calculate the highest common factor of 3080 and 462.
154
Calculate the highest common factor of 2951 and 1362.
227
What is the highest common divisor of 517 and 1507?
11
What is the greatest common factor of 5664 and 80?
16
Calculate the highest common divisor of 22 and 759.
11
Calculate the highest common divisor of 80 and 280.
40
Calculate the greatest common divisor of 1125 and 150.
75
Calculate the greatest common factor of 228 and 24.
12
What is the highest common factor of 943 and 23?
23
Calculate the highest common factor of 20 and 445.
5
What is the greatest common divisor of 440 and 1925?
55
Calculate the highest common factor of 24 and 5784.
24
Calculate the greatest common divisor of 29 and 14.
1
What is the greatest common factor of 160 and 50?
10
What is the greatest common divisor of 63 and 90?
9
Calculate the greatest common divisor of 243 and 270.
27
What is the greatest common factor of 73 and 22703?
73
Calculate the highest common factor of 140 and 360.
20
Calculate the greatest common divisor of 14 and 32.
2
What is the highest common divisor of 154 and 10?
2
What is the highest common factor of 72 and 174?
6
Calculate the highest common divisor of 104 and 78.
26
What is the highest common divisor of 78 and 104?
26
Calculate the greatest common factor of 189 and 14.
7
What is the greatest common divisor of 104 and 3432?
104
What is the highest common divisor of 1620 and 120?
60
Calculate the greatest common factor of 2034 and 27.
9
Calculate the highest common factor of 6 and 244.
2
Calculate the highest common divisor of 1215 and 15.
15
Calculate the highest common divisor of 2332 and 44.
44
Calculate the highest common divisor of 66 and 18.
6
What is the greatest common divisor of 351 and 13?
13
What is the greatest common divisor of 1846 and 702?
26
What is the highest common factor of 9 and 153?
9
What is the greatest common factor of 522 and 58?
58
Calculate the greatest common factor of 75 and 9.
3
Calculate the greatest common factor of 6 and 318.
6
Calculate the greatest common factor of 1349 and 71.
71
What is the greatest common divisor of 396 and 36?
36
Calculate the greatest common divisor of 110 and 44.
22
What is the greatest common factor of 18 and 45?
9
What is the greatest common divisor of 33 and 77?
11
Calculate the greatest common factor of 110 and 3520.
110
What is the greatest common factor of 30457 and 133?
133
Calculate the highest common divisor of 46 and 115.
23
Calcu